27789?
False
Is 2119520133 a multiple of 1467?
True
Is 30103496 a multiple of 777?
False
Does 55 divide 3300976855?
True
Is 4 a factor of 345639469?
False
Is 2089767759 a multiple of 271?
False
Does 15 divide 5402?
False
Is 12977272 a multiple of 326?
False
Does 25 divide 38094025?
True
Is 78974685 a multiple of 3285?
True
Is 6725 a factor of 603417474?
False
Is 960950201 a multiple of 107?
True
Is 5202733516 a multiple of 493?
True
Is 1445448495 a multiple of 5?
True
Is 959762 a multiple of 340?
False
Does 236 divide 362176928?
True
Is 117 a factor of 211988065?
False
Does 99 divide 171215156?
False
Does 156 divide 4288440?
True
Does 78 divide 390990288?
True
Does 92 divide 49321016?
True
Does 100 divide 86106118?
False
Does 107 divide 324600889?
False
Is 26184441 a multiple of 22?
False
Is 316623776 a multiple of 2312?
True
Is 145817849 a multiple of 433?
False
Is 8 a factor of 371799?
False
Is 10 a factor of 25412014?
False
Does 583 divide 111265371?
False
Is 22 a factor of 50535958?
True
Does 2907 divide 103567689?
True
Is 3 a factor of 10784191?
False
Does 32 divide 1796576?
True
Does 3 divide 10207768?
False
Does 639 divide 351407826?
True
Is 56408830 a multiple of 1548?
False
Is 133560261 a multiple of 9?
True
Is 150 a factor of 56818085?
False
Is 8 a factor of 1494186?
False
Is 443961113 a multiple of 13?
False
Is 13 a factor of 13299611?
True
Does 32 divide 3180621?
False
Is 114 a factor of 526979250?
True
Is 26 a factor of 127698775?
False
Is 100155736 a multiple of 189?
False
Does 33 divide 16544244?
False
Is 62 a factor of 453513322?
True
Is 14 a factor of 1983707?
False
Does 923 divide 9709037?
True
Is 354732852 a multiple of 6?
True
Is 464673519 a multiple of 9?
True
Is 5110 a factor of 2665011799?
False
Is 569 a factor of 1471847663?
True
Does 18 divide 521984252?
False
Is 55878140 a multiple of 114?
False
Is 30370768 a multiple of 3932?
True
Is 3 a factor of 4542562?
False
Is 63 a factor of 1703508?
False
Is 402983162 a multiple of 397?
False
Is 50505998 a multiple of 83?
True
Does 2666 divide 322673978?
True
Is 90 a factor of 12961555?
False
Is 2079 a factor of 5879800553?
False
Is 230288045 a multiple of 871?
True
Is 199 a factor of 302359246?
False
Does 5 divide 9997571?
False
Does 184 divide 14025358?
False
Is 266 a factor of 1185875614?
True
Is 35 a factor of 368702215?
True
Is 8658767 a multiple of 61?
True
Is 41024243 a multiple of 1883?
False
Does 4753 divide 204310791?
False
Does 6 divide 14776551?
False
Is 576 a factor of 37321750?
False
Is 9 a factor of 21815992?
False
Does 15 divide 221705338?
False
Is 54 a factor of 17628391?
False
Does 19 divide 217625946?
False
Is 302 a factor of 6562787?
False
Does 5 divide 3376445?
True
Does 9835 divide 2639861525?
True
Is 71 a factor of 5925376?
True
Is 456 a factor of 2150692080?
True
Is 60026524 a multiple of 133?
False
Does 58 divide 192362278?
True
Is 103675320 a multiple of 84?
True
Is 14 a factor of 40661874?
False
Does 19 divide 31183009?
True
Is 828 a factor of 256446393?
False
Is 164 a factor of 6604772?
True
Does 2677 divide 79796016?
True
Does 562 divide 1402669948?
True
Is 4 a factor of 369211468?
True
Is 88595224 a multiple of 737?
False
Does 14 divide 42636847?
False
Does 57 divide 13641183?
True
Does 30 divide 16805700?
True
Is 1518 a factor of 373257984?
True
Does 142 divide 182801693?
False
Is 114730349 a multiple of 11?
False
Is 5 a factor of 12145704?
False
Is 32 a factor of 86130346?
False
Is 633766460 a multiple of 17?
True
Does 2246 divide 1272783243?
False
Is 52013730 a multiple of 11?
False
Is 20 a factor of 196407454?
False
Does 138 divide 98731180?
False
Does 20 divide 235119280?
True
Is 18110032 a multiple of 278?
True
Is 117 a factor of 24382755?
False
Is 190 a factor of 7457310?
True
Does 3 divide 1577227?
False
Is 107 a factor of 1883272975?
False
Is 155 a factor of 4551110?
True
Is 71284928 a multiple of 52?
True
Is 2 a factor of 67085?
False
Does 29 divide 937341997?
False
Is 739 a factor of 570677283?
False
Is 392188375 a multiple of 23?
False
Is 92799861 a multiple of 649?
True
Is 388842298 a multiple of 12?
False
Is 138 a factor of 911401818?
True
Is 32897114 a multiple of 1978?
False
Is 3 a factor of 125732573?
False
Does 42 divide 238255878?
True
Is 15 a factor of 2604658375?
False
Is 1621 a factor of 27420836?
True
Does 31 divide 296404?
False
Is 37578912 a multiple of 672?
True
Does 39 divide 126265620?
True
Is 25 a factor of 611903147?
False
Is 29020728 a multiple of 110?
False
Does 264 divide 156342648?
True
Does 67 divide 411191529?
True
Is 90350470 a multiple of 410?
True
Does 41 divide 1888091?
True
Is 71941284 a multiple of 388?
False
Is 184 a factor of 130809191?
False
Is 494 a factor of 38429248?
True
Is 3173119179 a multiple of 5881?
False
Is 201572467 a multiple of 101?
True
Does 19 divide 14718825?
True
Is 1114372578 a multiple of 2945?
False
Is 350788620 a multiple of 14?
True
Is 1618267585 a multiple of 206?
False
Does 252 divide 24326037?
False
Is 653 a factor of 428552?
False
Is 77839371 a multiple of 1273?
False
Is 54 a factor of 119980323?
False
Is 1386 a factor of 23496637?
False
Does 44 divide 4360708?
True
Is 383307 a multiple of 186?
False
Does 15817 divide 3833545339?
False
Is 1736 a factor of 1807180512?
False
Does 460 divide 392183580?
True
Is 432096950 a multiple of 422?
False
Is 4 a factor of 490312006?
False
Is 278 a factor of 25762977?
False
Is 53924224 a multiple of 73?
True
Does 196 divide 21998256?
True
Does 15 divide 2381380995?
True
Does 489 divide 63574800?
False
Is 4156 a factor of 45075976?
True
Is 126828817 a multiple of 134?
False
Is 2348099304 a multiple of 472?
False
Is 5415851 a multiple of 534?
False
Is 16 a factor of 950086330?
False
Does 16 divide 384921776?
True
Is 152632460 a multiple of 9?
False
Does 196 divide 294053196?
False
Does 206 divide 73322816?
True
Is 3574 a factor of 804693248?
True
Is 14093884 a multiple of 17?
True
Is 1888238504 a multiple of 7096?
True
Is 1523 a factor of 204027172?
True
Does 14 divide 10359930?
True
Is 21 a factor of 101147634?
True
Is 1257 a factor of 326484381?
True
Is 104 a factor of 3515928?
True
Is 233640841 a multiple of 4144?
False
Is 91 a factor of 283371030?
False
Is 14 a factor of 46791505?
False
Is 10 a factor of 5535116?
False
Is 175048752 a multiple of 1937?
False
Does 4753 divide 872684071?
True
Does 631 divide 502610095?
False
Is 140 a factor of 246493?
False
Is 52161108 a multiple of 43?
False
Is 9564 a factor of 343825800?
True
Is 28 a factor of 279921096?
True
Is 16 a factor of 413556085?
False
Does 2781 divide 99230820?
False
Is 73 a factor of 103148835?
False
Is 33 a factor of 910067829?
True
Is 351558237 a multiple of 14?
False
Is 665 a factor of 265855695?
True
Is 335615173 a multiple of 4?
False
Is 5251024 a multiple of 71?
False
Does 96 divide 13986336?
True
Is 37 a factor of 4699405?
False
Does 2219 divide 29288581?
True
Is 82 a factor of 45545342?
True
Is 828303034 a multiple of 946?
False
Is 1586436521 a multiple of 87?
False
Does 20 divide 283444520?
True
Does 33 divide 467684877?
True
Is 42715066 a multiple of 8?
False
Does 3 divide 1049084?
False
Is 5 a factor of 20293365?
True
Does 458 divide 1824879474?
True
Is 9 a factor of 12302658?
True
Is 735737925 a multiple of 1231?
True
Is 124 a factor of 3908852?
True
Is 1932 a factor of 96321217?
False
Is 814 a factor of 11114356?
True
Does 219 divide 806014663?
False
Does 1090 divide 13227150?
True
Is 414683930 a multiple of 13015?
True
Is 428062896 a multiple of 692?
True
Does 15493 divide 6200252121?
True
Is 681947031 a multiple of 479?
True
Is 1450863 a multiple of 129?
True
Does 1085 divide 5924448285?
True
Is 2436292636 a multiple of 11?
False
Does 605 divide 71217575?
True
Is 4983 a factor of 532373754?
True
Does 102 divide 1691350622?
False
Is 6 a factor of 10446276?
True
Does 725 divide 86815125?
True
Is 52 a factor of 34829444?
True
Does 186 divide 408939600?
True
Is 63 a factor of 27317682?
True
Is 40103940 a multiple of 62?
False
Does 20 divide 4019277225?
False
Is 73794056 a multiple of 174?
False
Is 299503212 a multiple of 68?
True
Is 312495353 a multiple of 383?
False
Is 4156104 a multiple of 1256?
True
Does 20 divide 339475159?
False
Is 12197415 a multiple of 3?
True